et o(y) = -53*y - 52. What is the thousands digit of o(-24)?
1
Let b(f) = -2*f + 9. Let q(d) = d**3 - 16*d**2 - 15*d - 25. Let o be q(17). Suppose 0 = -9*m - 45 - o. What is the units digit of b(m)?
1
Let d = -326 + 1525. What is the hundreds digit of d?
1
Let t(n) = -12*n - 3. Let l be t(-3). Suppose h - 28 = l. What is the tens digit of h?
6
Let k = 64 + -55. Suppose 3*p - 18 - k = 0. What is the units digit of p?
9
Suppose -2*w = -3*r - 19, r = -2*w + 3*r + 16. Suppose 5*n = w, -29 - 21 = -3*o + n. What is the tens digit of o?
1
Suppose 1266 = 7*g + 405. Let m = -1 - -6. Suppose -m*l + 2*l = -g. What is the tens digit of l?
4
What is the tens digit of 3172 + 141 + 1*3?
1
Let j(c) = 16*c + 12. Let h be j(9). What is the units digit of 3 + h/(-8)*-4?
1
Let x(v) be the third derivative of -v**6/120 + v**5/10 + v**4/4 + 2*v**3/3 - 11*v**2. What is the units digit of x(5)?
9
Let t be 15/40*-46*(-28 + 0). Suppose -25*a + t = -18*a. What is the tens digit of a?
6
Suppose -79159 + 12199 = -62*a. What is the units digit of a?
0
Suppose 3*m - 16 = 7*m. Let a = m + 82. What is the tens digit of a?
7
Let y be 3 + 1 + (1 - -2). Let i(f) = -f**2 + 9*f - 9. Let h be i(y). Suppose -15 = -3*n + 3*a, -h*n + 2 = -4*a - 22. What is the units digit of n?
4
Let h = 136 - 17. What is the units digit of h?
9
Suppose 0 = -3*l - 9 + 6, -2*l = -z + 311. What is the hundreds digit of z?
3
What is the units digit of ((-264)/(-154))/(2/35)?
0
Suppose 130 = 2*s + 2*n, -s = -2*n + n - 59. Let q = -18 + s. What is the units digit of q?
4
What is the tens digit of (-2481)/(-13) + 20/130?
9
Let v = 4249 - 2499. What is the hundreds digit of v?
7
Suppose -g + 32 = 28. Suppose 2*q + g*b = 7*q - 604, -q = -5*b - 104. What is the tens digit of q?
2
Let q(p) = p**2 + 23*p - 33. What is the tens digit of q(12)?
8
Let s(j) = -422*j - 14. What is the tens digit of s(-2)?
3
Suppose 0 = b + y - 2504, -10174 + 2657 = -3*b - 4*y. What is the hundreds digit of b?
4
Let s be (-16)/6 - 8/(-12). Let l be 0/(s + (3 - 2)). Suppose 4*g - 24 - 8 = l. What is the units digit of g?
8
Let h = 19 - 34. Let r = -13 - h. What is the tens digit of (87/r)/((-9)/(-12))?
5
Let s(l) = l**2 + 9*l + 2. Suppose -3*q + 2*a - 2 = q, 5*a - 15 = 0. Let u(w) = -10*w**2 + w - 1. Let r be u(q). What is the units digit of s(r)?
2
Let t be (2 + (-4)/2)*-1. Suppose -5*d + 3*i + 5 = i, t = -4*i + 20. What is the units digit of 4/(-3)*d/(-2)?
2
Let s(i) = -23*i - 5. Let p be (4 - 36/8)*4. Let n be s(p). Suppose -2*o = -2*l + 3*o + n, 128 = 5*l - 4*o. What is the units digit of l?
8
Let r be (6/(-9))/(2/(-9)). Suppose 2*t = -r*g + 65 - 230, 0 = -5*t + 2*g - 365. Let o = t - -133. What is the tens digit of o?
5
Let a(l) = 2*l - 7. Let c be a(6). Suppose 0*r - 44 = -3*u - c*r, 3*u - 4*r = 8. What is the units digit of 23*1*(-6 + u)?
6
Let y = -1 - -5. Suppose -y*z + 49 = 5*u, 0 = 2*z + u - 14 - 3. What is the units digit of z?
6
Let m = 17 - 13. Suppose -11*p - m = -13*p. Suppose p*i - i = 33. What is the tens digit of i?
3
Suppose 3*d + 368 = 80. Let p = d - -38. What is the units digit of -2 - p - (4 + -3)?
5
Suppose -137*v + 858 = -126*v. What is the units digit of v?
8
Let j be -40 - (0 - (3 + 0)). Let x = 72 + j. What is the tens digit of x?
3
Suppose -16*i = -11*i - 25. What is the tens digit of 418*(2/(-8))/(i/(-10))?
0
Suppose 4*p - 8 = -0*p. Suppose 5*g + n = 469 - 48, 0 = 3*g + p*n - 247. What is the tens digit of g?
8
Let b = -8 - -10. Let s = b - 0. Suppose s*k - 82 = -0*k. What is the tens digit of k?
4
Let n be (-14)/(-18) + 28/126. Let a = 3 - n. What is the tens digit of (120/a + -4)*1?
5
Let u be 4/(-2*(-1)/2). Suppose -v = u*n + 10, -5*v = -n - n + 72. Let p = 16 + v. What is the units digit of p?
2
Suppose -d + 0*a + 25 = -2*a, -d + 28 = -5*a. Let y = d - 23. Let q(w) = w + 2. What is the units digit of q(y)?
2
Let p = 8384 - 4898. What is the hundreds digit of p?
4
Let g = 2524 + 770. What is the hundreds digit of g?
2
Suppose -7 = -4*k + 1. Suppose 3*o + 497 = -4*a, -6*a + a - 5*o - 615 = 0. What is the units digit of a/4*(-1)/k?
6
Suppose -3*p - 36 = -342. What is the units digit of (p/(-9))/((-6)/9)?
7
Suppose 60 = 10*q - 5*q. Suppose 114 = 13*h - q*h. What is the units digit of h?
4
Let x(s) = -s + 11. What is the units digit of x(4)?
7
Let y(q) = 29*q**2 + 8*q - 8. What is the hundreds digit of y(-6)?
9
Let s = 88 - 74. Let u = s + 115. What is the hundreds digit of u?
1
Suppose w + 11*w = 60. Suppose 0 = 5*h - 2*g + 10, 5 = 4*h + g - 0*g. Suppose -w*l + 16 + 64 = h. What is the units digit of l?
6
Let r(z) be the first derivative of z**5/20 - 5*z**4/12 - 2*z**3/3 - z**2 - 6*z - 1. Let t(g) be the first derivative of r(g). What is the units digit of t(6)?
0
Suppose -10*u + 5266 = -2474. What is the hundreds digit of u?
7
Suppose -5*n = -4*a + 1094, -3*n - 113 = 5*a - 1462. What is the units digit of a?
1
Let v(a) = a**3 - a**2 + a + 31. What is the tens digit of v(0)?
3
Suppose 5*r + 199 = 4*i, 0 = 2*i - 4*r - 119 + 27. Let h = 42 + i. What is the units digit of h?
8
Let d be 2*(-6)/((-12)/5). Suppose -3*x = -2 + d, -5*x = 5*r - 370. What is the units digit of r?
5
Let l(t) = 3*t**2 + 33*t + 101. What is the tens digit of l(-27)?
9
What is the thousands digit of (-14 + 13)/((-6)/8466)?
1
What is the tens digit of 5 + ((-10)/55 - 42662/(-22))?
4
Let y(m) = -m**2 + 4*m + 8. Let g be y(5). Suppose -4*r - 235 = -3*x, -2*x + g*r - 9 = -166. What is the tens digit of x?
7
What is the units digit of (-7068)/(-465)*(-140)/(-2)?
4
Let f(k) = 35*k**2 + 4*k + 16. What is the tens digit of f(6)?
0
Let d = -9 + 3. Let g = 3 - d. What is the units digit of g?
9
Suppose -y + 1 = -p, -2*y + 3*y + 9 = -4*p. What is the tens digit of p/(-3) - (-252)/27?
1
What is the units digit of (-84)/(-35) + -2 + (-1098)/(-5)?
0
Let s(u) be the second derivative of -2/3*u**4 - 5*u - 1/6*u**3 + 0 - 1/20*u**5 + 3/2*u**2. What is the units digit of s(-8)?
1
Suppose 0*b = 5*b - 15. Let d(a) = 2*a**3 - 4*a**2 - 2*a + 4. Let q be d(b). What is the units digit of q/20*(-55)/(-2)?
2
Let w(r) = 1007*r**2 - 50*r + 49. What is the units digit of w(1)?
6
Suppose -14*q + 11*q = -6. Suppose 0*x - 260 = -q*x + 4*o, 410 = 3*x - 2*o. What is the units digit of x?
0
Let m = 2230 - 72. What is the units digit of m?
8
Let z be (-3)/(((-2)/30)/(-1)). What is the tens digit of 1/(2/(-8) + z/(-172))?
8
Let x be ((-56)/(-12))/((-6)/9). Let r(z) = 6*z + 3*z - 15*z + 3*z + 6. What is the units digit of r(x)?
7
Let i be (19 - 16)/((-2)/(-8)). Let g be 359/3 + 4/i. Suppose -3*h + 3*l = -0*l - g, -h - 5*l = -40. What is the units digit of h?
0
Let l = 5651 + -1695. What is the hundreds digit of l?
9
Suppose 28*v - 13846 = 22554. What is the tens digit of v?
0
Suppose -4*h - h + 25 = 0. Suppose 0 = -h*a + 272 - 52. What is the tens digit of a?
4
Suppose 2*u = 3*q + 721, 0 = 2*u - q - 483 - 248. What is the units digit of u?
8
Suppose 2*n - 36 = -2*n. What is the units digit of (-216)/32*(-24)/n?
8
Let t be (-284)/(-12)*3 + 4. Let z be 6/3 - (-3)/3. Suppose -z = 2*d - t. What is the tens digit of d?
3
Let r(z) = -3*z - 6. Let b(p) = -2*p - 6. Let l(n) = -4*b(n) + 3*r(n). Let y be l(5). Let o(t) = 15*t**2 - 1. What is the tens digit of o(y)?
1
Let r be 3/12 - 60/(-16). Suppose 24 = 4*v - d + 273, r*v - 2*d + 254 = 0. Let o = v + 91. What is the tens digit of o?
3
Suppose 5*j - 10803 = -3*q, 4*j - 5*j = -q - 2167. What is the tens digit of j?
6
Let p(z) = -z**2 - 4*z - 3. Let k be p(-3). Suppose -s = -2*s + x + 4, 2*x - 4 = k. Let a = s + 1. What is the units digit of a?
7
Let w(f) = -f - 7. Let q be w(-5). Let n(d) = -2*d. Let c be n(q). Suppose -45 = -t - c*t. What is the units digit of t?
9
Let g = 7357 + -4298. What is the units digit of g?
9
Suppose -3*r - 96 = -5*r. Suppose 24*b - 20*b - r = 0. Suppose 3*d = -0 + b. What is the units digit of d?
4
Suppose -7*t = -6 - 22. Suppose 79 = 2*p + t*u - 9, -2*u = 3*p - 128. What is the units digit of p?
2
Let i(r) = 34*r - 242. What is the units digit of i(22)?
6
Let c(z) = z**2 + 2*z + 81. Suppose 9*o - 4*o = 0. Let d be c(o). Let j = d - 48. What is the tens digit of j?
3
What is the units digit of 651 + -13 + (-3)/1 + 1?
6
Suppose 62*x = 72*x + 390. Let a be 223/4 + (-2)/(-8). Let w = a + x. What is the u